70 = 62*q - d*q. Give j(q).
10
Let r(l) be the first derivative of -l**4/4 - 4*l**3/3 - l**2 + l + 725. Give r(-3).
-2
Suppose -22*b - 20 = -240. Let v(u) = b*u + 4*u + 0*u + 7 + u**3 - 3*u - 7*u**2 - 5*u. Give v(6).
7
Let l(y) = y**3 + 7*y**2 + 3*y - 8. Suppose 2*b + 3*b = 0. Suppose b*f = -2*f + 4. Suppose 5 + 7 = -f*o. What is l(o)?
10
Let r(g) = 8*g - 10. Let i(k) = -17*k + 21. Let y(s) = -3*i(s) - 7*r(s). Let v(b) = -2*b + 6*b - 3*b - b + 6*b - 5. Let h(a) = 3*v(a) + 2*y(a). Determine h(1).
7
Let z = -111 - -153. Let u be -1 + 15/7 - 6/z. Let j(w) = -15*w. Determine j(u).
-15
Let s(i) = -2*i + 5. Let q be 1/(1*1*1/5). Suppose -q*o = -o + 3*d - 31, -4*o - d + 21 = 0. Determine s(o).
-3
Let r(g) be the first derivative of g**5/20 + g**4/12 + g**3/2 + 3*g**2/2 - 258*g - 178. Let v(z) be the first derivative of r(z). What is v(-3)?
-24
Let q(x) = -x**3 + 9*x**2 - 4*x + 37. Suppose 4*u = -4*y + 24, -6*y + 11*y + 24 = u. Determine q(u).
1
Let c(s) = -18*s**2 + 263*s + 42. Let f(t) = 27*t**2 - 394*t - 64. Let b(l) = 8*c(l) + 5*f(l). Calculate b(15).
1
Let o(c) = 6*c + 154. Let i be ((-30)/420)/(1/(-7))*-52. Determine o(i).
-2
Let r(b) = 9*b + 6. Let s(h) = h**2 - h - 3. Let q be s(0). Let g be r(q). Let l = -26 - g. Let z(a) = a**2 + 5*a + 3. Give z(l).
3
Let k(h) be the third derivative of -5*h**4/8 - 8*h**3/3 + h**2 + 226*h. Determine k(-1).
-1
Let a(u) = 5*u - 1. Let v = 151 - -36. Let x = v + -186. Give a(x).
4
Let c(s) = -2*s**2 - 5*s - 4. Let h(p) = p**2 - 3*p + 4*p + 1 - 2*p. Let a(w) = -c(w) - 3*h(w). Let g(r) = -r**2 - 244*r - 2335. Let u be g(-10). Give a(u).
16
Let x(h) = h**2 - 3 - h**3 + 4*h**2 + 0*h**2. Suppose b = -5*k + 10, -1624*b - 2*k = -1621*b - 17. Give x(b).
-3
Let v(h) be the third derivative of -h**5/30 - 7*h**4/4 - h**3/3 - 113*h**2 + 3. What is v(-21)?
-2
Let l(n) = -5*n + 2. Let h(g) = 4*g**2 + 25*g - 3. Suppose -2*m = t + 2, -5*t + 2*m = m + 32. Let f be h(t). What is l(f)?
47
Let u(i) = i**3 - 3*i**2 - 6*i - 4. Let b = -90 - -203. Suppose -20*l + b = 13. Give u(l).
16
Let y(z) be the second derivative of -z**4/12 - 7*z**3/3 - 20*z**2 - z - 155. What is y(-3)?
-7
Let q(w) = w**3 + 8*w**2 + w + 96. Let u be q(-9). Let j(l) = 19*l - 17. Determine j(u).
97
Let z(t) = -t - 22. Let q(m) = m**3 - 8*m**2 - 16*m + 77. Let h be q(8). Let d be (h/(-6))/(3/(-6)*1). Calculate z(d).
-5
Let v(c) = -c**2 - 67*c - 744. Let l be v(-14). Let o(w) = 13*w**2 + 5*w + 4. Calculate o(l).
46
Let u(z) = 63*z + 4005. Let x(c) = -9*c - 588. Let d(k) = 4*u(k) + 27*x(k). What is d(-14)?
18
Suppose 0*o - o + 82 = 0. Let k = -75 + o. Let t(b) = -11 + 2*b + 3*b + k - b**3 + b**2. Give t(3).
-7
Let f(u) = u**2 + u + 11. Suppose 8*n = 7*n + 5. Suppose n*w + k = 55, -2*w + k - 3*k = -14. Let o be 0*(w/4 - 3 - -1). What is f(o)?
11
Suppose 36 = 14*d - 11*d. Let l be -1 + (d/(-4) - -8). Let k(a) = 11*a**2 - 5 - l + 9. Give k(1).
11
Let k(x) = -x**3 - 4*x**2 + 2*x - 3. Suppose 3*b + 3*s = 18, 8*b + 2*s = 4*b + 28. Suppose 4*v = b*v - 20. Suppose -15 = 8*n - v*n. Calculate k(n).
12
Let l(d) = -d**2 + 10*d - 4. Let b be l(9). Let q(r) be the first derivative of -r**4/4 + 5*r**3/3 + r**2 + 3*r - 9192. What is q(b)?
13
Let z(v) = -108 + 7*v - 142 + 791 - 195 - 201. What is z(-21)?
-2
Suppose 2*s = 5*s - 18. Let o(z) be the third derivative of -z**4/12 + 7*z**3/6 - 210*z**2 - 2. What is o(s)?
-5
Let c(r) be the first derivative of -r**5/120 - r**4/8 - 17*r**3/3 + 124. Let n(u) be the third derivative of c(u). What is n(7)?
-10
Let b(z) = -7*z + 13. Let n be b(0). Let f(y) = n*y - 27*y + 23 + 15*y - 8. Determine f(-8).
7
Let s(x) = -5*x - 11. Let d be -12*(-330)/(-360) + 12 + 0. Give s(d).
-16
Let z(u) = 2588*u - 862*u - 865*u - 862*u. Let a be (-1 - (1 - 0)) + 7. Calculate z(a).
-5
Let b(q) be the third derivative of q**6/120 + 3*q**5/20 + q**4/2 + 9*q**3/2 + 423*q**2 + 2. Calculate b(-8).
-5
Let n(z) = -3*z**3 - 3*z**2 - 4*z + 15. Let t(l) = 41*l**3 + 38*l**2 + 49*l - 193. Let j(i) = -27*n(i) - 2*t(i). What is j(6)?
5
Let g = -142 - -148. Let j(t) = -3*t + 13*t + t**2 + g - t. Calculate j(-9).
6
Let j = -4746 - -4743. Let w(v) = 76*v + 79*v - 1 - 162*v. What is w(j)?
20
Let k(g) = -g + 2. Suppose -24*y + 302 = -1810. Suppose 9*r + 2*r - y = 0. Calculate k(r).
-6
Let b be ((-21)/28)/((-2)/(-8)). Suppose -14*h + 42 = 7*h. Let t(l) = 11*l**2 - 2 + 3*l + 15*l**h - 43*l**2 + 18*l**2. Give t(b).
-2
Let x(n) = 13*n**2 + 32*n. Let j(z) = z**2 - z - 1. Let q(h) = 3*h**2 + 26*h + 6. Let w(r) = 5*j(r) + q(r). Let y(o) = -8*w(o) + 5*x(o). Determine y(7).
-15
Let q(m) = 1349*m + 1347*m + 3*m**2 - 2701*m - 2*m**2 - 4. Give q(0).
-4
Let t(b) = 6*b**3 - 8*b**2 + 28*b - 5. Let x(u) = -5*u**3 + 8*u**2 - 23*u + 5. Let a(m) = -4*t(m) - 5*x(m). Give a(7).
-33
Let g(d) be the second derivative of -d**5/20 - d**4/2 - d**3/6 + 2*d**2 + 60*d. Let q(w) = -2*w**2 - 4*w + 14. Let a be q(-6). Let k = 31 + a. Determine g(k).
-20
Let m(i) = i - 2. Let f = 10 - 8. Suppose 0 = -4*b + f*b + 56. Let c = b - 26. What is m(c)?
0
Let m(c) = c**3 - 2*c**2 - 2*c - 2. Let k(s) = -3*s + 60. Let j(o) = -2*o**3 + 12*o**2 + 5*o - 11. Let p be j(6). Let y be k(p). Give m(y).
1
Let n be 3/5 + 235/25 + -5. Suppose -3*x + 3 + 9 = 0. Let a(i) = 0 + 6*i - x*i**2 - 6 - i + 3*i**2. Give a(n).
-6
Let t(q) be the third derivative of 0 - 3*q**2 + 1/12*q**4 + 1/30*q**5 + 0*q + 1/6*q**3. Suppose -2*w + 3*a = 6 - 2, 2*w + a = -4. Determine t(w).
5
Let w(j) = -10 - 34*j - 24*j - 3 + 56*j. Give w(-16).
19
Let j(a) = 288*a + 1506. Let i(o) = -217*o - 1131. Let h(f) = 13*i(f) + 10*j(f). Calculate h(-6).
3
Suppose -305*m - 65*m + 6882 = 2812. Let r(k) = -23*k + 260. Calculate r(m).
7
Suppose l + 22 = -5*t, -2*t + 0*t = -5*l - 2. Let b(m) = m**2 + 2*m - 2. What is b(t)?
6
Suppose -11*x - 390 = -5*x. Let u = -65 - x. Let n(t) = t**2 - t + 4. Let f(i) = -i**2 + i - 4. Let k(c) = 4*f(c) + 3*n(c). Calculate k(u).
-4
Let u(x) = x**3 + 7*x**2 + 14*x + 10. Let m = 5854 + -5858. What is u(m)?
2
Let s(n) = 13*n. Let f(j) = j**3 + 21*j**2 - 20*j + 45. Let g(d) = 2*d - 44. Let q be g(11). Let u be f(q). Give s(u).
13
Let d(m) be the third derivative of 1/3*m**3 + 0 - m**2 + 5/24*m**4 + 4*m. Calculate d(2).
12
Let u(r) = 15*r + 3. Let i be 148/296*-2*1. Give u(i).
-12
Let t(h) = h - 3. Let m(j) = -2*j - 8. Let g(n) = -3*n - 13. Let w(k) = -3*g(k) + 5*m(k). Let z(f) = 5*t(f) + 6*w(f). Calculate z(-9).
-12
Let t(h) = h**2 - 21*h - 2. Suppose -114*z + 36 = b - 119*z, -b - 2*z + 15 = 0. What is t(b)?
-2
Let d(a) = -4*a**2 + 43*a - 2. Let m(j) = -j**2 + 11*j - 1. Let p = -523 - -525. Let u(k) = p*d(k) - 9*m(k). Calculate u(12).
-7
Let r(u) = 7*u**2 + u. Let n(w) = -5*w**2 - w - 2. Let d(k) = 3*n(k) + 2*r(k). Calculate d(0).
-6
Let t be 26/10 - (-20)/50. Let x(p) be the second derivative of p**4/3 - 2*p**3/3 + 3*p**2/2 - p. Calculate x(t).
27
Let n(o) be the second derivative of -o**3/2 - 3*o**2 + 27*o. Suppose -5*h + 108 = 3*r + 116, 0 = -r - 4*h + 2. Determine n(r).
12
Let q(c) = -2*c**3 - 2*c**2 - 3*c. Let u(k) = -k**3 - k**2 - 3*k - 1. Let b(i) = 2*q(i) - 3*u(i). Let x(y) = -y**2 + 15*y + 181. Let w be x(-8). Calculate b(w).
12
Let d(c) = -c - 3. Suppose -n - b - 13 = -4, -2*b = -4*n - 18. Let j(o) = 26 + 0*o + 4*o - 9 + 10. Let m be j(n). Calculate d(m).
-6
Let h(p) = -92*p - 23. Let r(a) = -19*a - 2. Let c(x) = h(x) - 5*r(x). Let g(j) = -6*j - 1. Let s be g(-2). Calculate c(s).
20
Suppose 44*f - 75 = f + 18*f. Let l(c) be the first derivative of -c**2/2 + 4*c - 1. Determine l(f).
1
Let g(f) be the first derivative of f**3/3 + f**2 + 3*f + 1. Let n = -492 + 493. Let c(j) = -j**3 - 3*j**2 - 2*j + 4. Let h be c(n). Determine g(h).
3
Suppose -3 = -4*a + 3*a. Suppose -15 = a*s + 5*x - 35, 2*x = 5*s + 8. Suppose s = 3*j - 4 - 2. Let f(p) = -p. Calculate f(j).
-2
Let o be -4*3*122/244. Let k(h) be the third derivative of -h**3 + 0 + 1/60*h**5 + 5/24*h**4 + 0*h - 2*h**2. Determine k(o).
0
Let z = -9981 + 9984. Let p(a) = -12*a - 1 + 37*a - 18*a - 19*a. Give p(z).
-37
Let a(w) = w**3 + 5*w**2 + 5*w + 2. Let r be -10 - (-110)/10 - 10*(-3)/(-6). Give a(r).
-2
Let g(j) = j + 7. Suppose 80 = -5*y - 5*h, -15*y + 20*y - 2*h = -31. Give g(y).
-2
Let i = -12383 + 12385. Let j(s) = -2*s**2 + 11 - 5*s + 2*s**3 + 5*s + s - 9. Calculate j(i).
12
Let 